45
In base 13, what is 5a - -4cca?
5057
In base 16, what is 8 + -507?
-4ff
In base 12, what is -b73b41 - 5?
-b73b46
In base 16, what is 1b0e4 - 5?
1b0df
In base 13, what is b660 - 4?
b659
In base 7, what is 53 + 10235?
10321
In base 4, what is -11 - 101012132?
-101012203
In base 7, what is 0 - -14136?
14136
In base 5, what is -1033 + -111?
-1144
In base 14, what is -5 - -120b7?
120b2
In base 15, what is -1eba3 - d?
-1ebb1
In base 13, what is -2 - 59567?
-59569
In base 11, what is 1 - 11290?
-1128a
In base 10, what is -685 + -52?
-737
In base 5, what is 43 - -2314?
2412
In base 3, what is -11111210 - -12?
-11111121
In base 16, what is -1 - 19d?
-19e
In base 14, what is 9cb - 271?
75a
In base 3, what is 112220112200 + -12?
112220112111
In base 6, what is 421514 - 5?
421505
In base 11, what is -6 - 42388?
-42393
In base 14, what is 522 + -7d?
483
In base 9, what is -1 + 10050?
10048
In base 4, what is 1320103 - 13?
1320030
In base 6, what is -13 - -1344?
1331
In base 7, what is 10 + -63452?
-63442
In base 14, what is 3 - 31480?
-3147b
In base 2, what is 111011111110 - -1100111?
111101100101
In base 16, what is 58 - 16f?
-117
In base 2, what is -101011010001 - -10000100110?
-11010101011
In base 11, what is 66092 + -4?
66089
In base 11, what is -153 + 386?
233
In base 2, what is -10010001111101 + 101000?
-10010001010101
In base 4, what is 33103132 - -23?
33103221
In base 10, what is 5 - 49790?
-49785
In base 13, what is -30 - 866?
-896
In base 16, what is 6cafc + 5?
6cb01
In base 13, what is -10 + -6c697?
-6c6a7
In base 9, what is -4478 - -12?
-4466
In base 7, what is 103 + -56565?
-56462
In base 2, what is 10001000110011000110 + -101?
10001000110011000001
In base 5, what is 13040000 - 2?
13034443
In base 4, what is -12033300303 + 1?
-12033300302
In base 9, what is -45 - 355?
-411
In base 5, what is -1 + 32213344?
32213343
In base 14, what is -4 + -1280?
-1284
In base 9, what is -2 + 17637?
17635
In base 3, what is 11012 + 101120?
112202
In base 7, what is 12440 + -24?
12413
In base 16, what is -de4 - 3c?
-e20
In base 9, what is -28716 + -2?
-28718
In base 10, what is -27666 - -2?
-27664
In base 13, what is -a325 + -15?
-a33a
In base 13, what is -22 + -22033?
-22055
In base 10, what is 0 - -4138?
4138
In base 16, what is -2f - 2b9?
-2e8
In base 16, what is -9 + -9fad?
-9fb6
In base 7, what is 2 - -614063?
614065
In base 16, what is 1dc - -7d9?
9b5
In base 11, what is 3 - 61007?
-61004
In base 8, what is -17013 - 214?
-17227
In base 4, what is -20 - -123221313?
123221233
In base 14, what is 5 + b8298?
b829d
In base 14, what is -53d + 1a1?
-37c
In base 5, what is -133233 + 110?
-133123
In base 4, what is 111330 - -103320?
221310
In base 6, what is -14141411 + -2?
-14141413
In base 2, what is 1 + 111000100000111111?
111000100001000000
In base 11, what is 627 + -1128?
-601
In base 6, what is 22514 + -153?
22321
In base 3, what is 10120020 + 100010?
10220100
In base 4, what is -221331 + 221?
-221110
In base 3, what is -1 - -2112002112021?
2112002112020
In base 5, what is 2 + -2212234?
-2212232
In base 12, what is -13 - -3562?
354b
In base 16, what is 2f446 - 2?
2f444
In base 4, what is -1120 - 33200?
-100320
In base 13, what is 515c + 7?
5166
In base 9, what is -123682 - 15?
-123707
In base 5, what is 4000 + 141413?
200413
In base 14, what is -73 + -328?
-39b
In base 10, what is 4 - -27192?
27196
In base 2, what is 11000 - -100?
11100
In base 13, what is 5 - a6a0?
-a698
In base 12, what is 1 + 12346?
12347
In base 8, what is -2503555 - 0?
-2503555
In base 2, what is -1111100010 + 1000?
-1111011010
In base 6, what is 532325 - -4?
532333
In base 5, what is -14033001 - -4?
-14032442
In base 11, what is -1395a - -22?
-13938
In base 9, what is -25 + 41112?
41076
In base 10, what is 5 + -824155?
-824150
In base 10, what is 2081 - -1562?
3643
In base 15, what is -5e7 - -b01?
509
In base 3, what is 2010211100 - -21?
2010211121
In base 11, what is -9651 - -7?
-9645
In base 6, what is -404 - 2255?
-3103
In base 8, what is 37145 + -1?
37144
In base 10, what is -17452 - -36?
-17416
In base 10, what is -85972 - 1?
-85973
In base 13, what is 3 - 1a14a?
-1a147
In base 3, what is -21202001211110 - -11?
-21202001211022
In base 7, what is -12646660 - -4?
-12646653
In base 14, what is -d2 - -2dc?
20a
In base 7, what is -6 - 261526?
-261535
In base 10, what is 578 + -21?
557
In base 3, what is 11002 - 11222001?
-11210222
In base 4, what is 0 + -12012112?
-12012112
In base 5, what is 32 + -10210?
-10123
In base 11, what is -2 - 16a984?
-16a986
In base 5, what is 41234 + 22?
41311
In base 3, what is 12212001 - 202?
12211022
In base 11, what is 10 + 3390?
33a0
In base 16, what is -3 - 27a?
-27d
In base 16, what is -ed5 - 40?
-f15
In base 9, what is -17 - 34168?
-34186
In base 3, what is 120121 + 101022?
221220
In base 5, what is 1134 + 100423?
102112
In base 3, what is -10 - -10200001022?
10200001012
In base 13, what is -1 - -313c84?
313c83
In base 9, what is 0 - -67665?
67665
In base 8, what is 726 + 14201?
15127
In base 13, what is 254 + 4?
258
In base 3, what is -22 + -220202022?
-220202121
In base 3, what is 112220111 + 2010?
112222121
In base 2, what is 10001100 + 1000?
10010100
In base 15, what is -a50e - 7?
-a516
In base 3, what is 2002001212 + 1?
2002001220
In base 11, what is -3454 - 323?
-3777
In base 12, what is 27 - a583?
-a558
In base 14, what is 2 + -15478?
-15476
In base 3, what is 12002222 + -1212202?
10020020
In base 2, what is -1001000010110110 + -111?
-1001000010111101
In base 8, what is 100652 - 4?
100646
In base 16, what is 1 + -8ba2?
-8ba1
In base 5, what is 1003 - -424420?
430423
In base 10, what is 103 + 146?
249
In base 7, what is 3 + -1205044?
-1205041
In base 8, what is -610 - 20253?
-21063
In base 6, what is 4 + -1044254?
-1044250
In base 3, what is -21001021101011 - -1?
-21001021101010
In base 5, what is 0 - -1021124?
1021124
In base 8, what is 11 + 30516?
30527
In base 2, what is 10001100000 - -110?
10001100110
In base 10, what is 1227 + -725?
502
In base 4, what is 1121310102 + 2?
1121310110
In base 5, what is 2344 + 1214?
4113
In base 11, what is 4066 + -6?
4060
In base 12, what is -8 - 31a715?
-31a721
In base 8, what is 477153 + 1?
477154
In base 8, what is 10 - 5467?
-5457
In base 8, what is -26067 - 25?
-26114
In base 8, what is 5 - -110637?
110644
In base 16, what is -55205 + 2?
-55203
In base 9, what is 128 - 10847?
-10718
In base 9, what is -18 - 28287?
-28316
In base 8, what is 1051 - 467?
362
In base 15, what is -e + -35e?
-36d
In base 15, what is 2e8 - 6?
2e2
In base 3, what is -1001202 + 210201?
-21001
In base 13, what is -2230 + 19?
-2214
In base 14, what is -727b - -7?
-7274
In base 2, what is -10000101000110101 - 111?
-10000101000111100
In base 5, what is 22 + 14040300?
14040322
In base 12, what is -2 + -167a?
-1680
In base 4, what is -10301 + 10302?
1
In base 6, what is -125111 - -235?
-124432
In base 10, what is -1120 - 18?
-1138
In base 10, what is 67731 - 0?
67731
In base 5, what is 2023411 + 0?
2023411
In base 3, what is 1120 + -1021102122?
-1021101002
In base 4, what is 223311 + -10?
223301
In base 7, what is 0 + 105261?
105261
In base 15, what is b18 - 47?
ac1
In base 8, what is 206 - -2302?
2510
In base 4, what is -3031000302 - 0?
-3031000302
In base 4, what is -23001 - 30311?
-113312
In base 4, what is -1331211211 - -11?
-1331211200
In base 5, what is 101131211 + 0?
101131211
In base 11, what is 71774 + 2?
71776
In base 12, what is -2 - 58550?
-58552
In base 15, what is 3 + 644ea?
644ed
In base 13, what is 4c + 944?
993
In base 8, what is -1701125 - -3?
-1701122
In base 16, what is -11fe4 + -3?
-11fe7
In base 3, what is -1220010220 + 221?
-1220002222
In base 3, what is 101211 - 2212?
21222
In base 11, what is 5 - -9564?
9569
In base 5, what is 2213313 + -3?
2213310
In base 12, what is -9101 + 10?
-90b1
In base 4, what is 202312 - -221?
203133
In base 4, what is -2022 + -2133?
-10221
In base 12, what is 4501 + 3?
4504
In base 7, what is -1510 - 250?
-2060
In base 2, what is 1001011010011 + -110?
1001011001101
In base 10, what is 48 + -2516?
-2468
In base 5, what is -3034342 - -40?
-3034302
In base 2, what is -1110110 - 11011?
-10010001
In base 12, what is 3ab9 - 4?
3ab5
In base 10, what is -416 - 18?
-434
In base 13, w